{"id":231,"date":"2023-10-16T03:03:46","date_gmt":"2023-10-16T01:03:46","guid":{"rendered":"http:\/\/ciudadanialegal.cl\/?post_type=project&#038;p=231"},"modified":"2023-10-18T21:23:22","modified_gmt":"2023-10-18T19:23:22","slug":"maria-victoria-leon","status":"publish","type":"project","link":"https:\/\/ciudadanialegal.cl\/?project=maria-victoria-leon","title":{"rendered":"Mar\u00eda Victoria <span style=\"color: #0000ff;\">Le\u00f3n<\/span>"},"content":{"rendered":"<p>Abogada Universidad Adolfo Ib\u00e1\u00f1ez (2010), con Magister en Derecho del Trabajo y Seguridad Social, Universidad Adolfo Ib\u00e1\u00f1ez (2013) y Diplomado en Derecho Laboral Colectivo, Universidad Diego Portales (2016). Especialista en litigaci\u00f3n laboral compleja. Cuenta con diversos cursos en materias laborales y de litigaci\u00f3n.<\/p>\n<p><a href=\"mailto:mvleon@ciudadanialegal.cl\"><img loading=\"lazy\" decoding=\"async\" class=\"wp-image-404  alignnone\" src=\"https:\/\/ciudadanialegal.cl\/wp-content\/uploads\/2023\/10\/849155-1-300x213.png\" alt=\"\" width=\"18\" height=\"13\" \/>  mvleon@ciudadanialegal.cl<\/a><\/p>\n","protected":false},"excerpt":{"rendered":"<p>Abogada Universidad Adolfo Ib\u00e1\u00f1ez (2010), con Magister en Derecho del Trabajo y Seguridad Social, Universidad Adolfo Ib\u00e1\u00f1ez (2013) y Diplomado en Derecho Laboral Colectivo, Universidad Diego Portales (2016). Especialista en litigaci\u00f3n laboral compleja. Cuenta con diversos cursos en materias laborales y de litigaci\u00f3n. mvleon@ciudadanialegal.cl<\/p>\n","protected":false},"author":1,"featured_media":211,"template":"","meta":{"_et_pb_use_builder":"","_et_pb_old_content":"","_et_gb_content_width":"","footnotes":""},"project_category":[9],"project_tag":[],"class_list":["post-231","project","type-project","status-publish","has-post-thumbnail","hentry","project_category-maria-victoria-leon"],"_links":{"self":[{"href":"https:\/\/ciudadanialegal.cl\/index.php?rest_route=\/wp\/v2\/project\/231","targetHints":{"allow":["GET"]}}],"collection":[{"href":"https:\/\/ciudadanialegal.cl\/index.php?rest_route=\/wp\/v2\/project"}],"about":[{"href":"https:\/\/ciudadanialegal.cl\/index.php?rest_route=\/wp\/v2\/types\/project"}],"author":[{"embeddable":true,"href":"https:\/\/ciudadanialegal.cl\/index.php?rest_route=\/wp\/v2\/users\/1"}],"version-history":[{"count":3,"href":"https:\/\/ciudadanialegal.cl\/index.php?rest_route=\/wp\/v2\/project\/231\/revisions"}],"predecessor-version":[{"id":432,"href":"https:\/\/ciudadanialegal.cl\/index.php?rest_route=\/wp\/v2\/project\/231\/revisions\/432"}],"wp:featuredmedia":[{"embeddable":true,"href":"https:\/\/ciudadanialegal.cl\/index.php?rest_route=\/wp\/v2\/media\/211"}],"wp:attachment":[{"href":"https:\/\/ciudadanialegal.cl\/index.php?rest_route=%2Fwp%2Fv2%2Fmedia&parent=231"}],"wp:term":[{"taxonomy":"project_category","embeddable":true,"href":"https:\/\/ciudadanialegal.cl\/index.php?rest_route=%2Fwp%2Fv2%2Fproject_category&post=231"},{"taxonomy":"project_tag","embeddable":true,"href":"https:\/\/ciudadanialegal.cl\/index.php?rest_route=%2Fwp%2Fv2%2Fproject_tag&post=231"}],"curies":[{"name":"wp","href":"https:\/\/api.w.org\/{rel}","templated":true}]}}

María Victoria <span style="color: #0000ff;">León</span>

<p>Abogada Universidad Adolfo Ibáñez (2010), con Magister en Derecho del Trabajo y Seguridad Social, Universidad Adolfo Ibáñez (2013) y Diplomado en Derecho Laboral Colectivo, Universidad Diego Portales (2016). Especialista en litigación laboral compleja. Cuenta con diversos cursos en materias laborales y de litigación.</p>
<p><a href="mailto:mvleon@ciudadanialegal.cl"><img loading="lazy" decoding="async" class="wp-image-404  alignnone" src="https://ciudadanialegal.cl/wp-content/uploads/2023/10/849155-1-300x213.png" alt="" width="18" height="13" />  mvleon@ciudadanialegal.cl</a></p>

<p>Abogada Universidad Adolfo Ibáñez (2010), con Magister en Derecho del Trabajo y Seguridad Social, Universidad Adolfo Ibáñez (2013) y Diplomado en Derecho Laboral Colectivo, Universidad Diego Portales (2016). Especialista en litigación laboral compleja. Cuenta con diversos cursos en materias laborales y de litigación. mvleon@ciudadanialegal.cl</p>
