{"id":235,"date":"2023-10-16T03:05:57","date_gmt":"2023-10-16T01:05:57","guid":{"rendered":"http:\/\/ciudadanialegal.cl\/?post_type=project&#038;p=235"},"modified":"2023-10-18T21:22:22","modified_gmt":"2023-10-18T19:22:22","slug":"victor-elicer","status":"publish","type":"project","link":"https:\/\/ciudadanialegal.cl\/?project=victor-elicer","title":{"rendered":"Victor <span style=\"color: #0000ff;\">Elicer<\/span>"},"content":{"rendered":"<p>Abogado Universidad Andr\u00e9s Bello (2023), cursos de Proceso Laboral Aplicado y Litigaci\u00f3n en Juicio Oral Laboral, ambos en la Academia Nacional de Litigaci\u00f3n(2023).<\/p>\n<p><a href=\"mailto:velicer@ciudadanialegal.cl\"><img loading=\"lazy\" decoding=\"async\" class=\"wp-image-404  alignnone\" src=\"https:\/\/ciudadanialegal.cl\/wp-content\/uploads\/2023\/10\/849155-1-300x213.png\" alt=\"\" width=\"18\" height=\"13\" \/>  velicer@ciudadanialegal.cl<\/a><\/p>\n","protected":false},"excerpt":{"rendered":"<p>Abogado Universidad Andr\u00e9s Bello (2023), cursos de Proceso Laboral Aplicado y Litigaci\u00f3n en Juicio Oral Laboral, ambos en la Academia Nacional de Litigaci\u00f3n(2023). velicer@ciudadanialegal.cl<\/p>\n","protected":false},"author":1,"featured_media":213,"template":"","meta":{"_et_pb_use_builder":"","_et_pb_old_content":"","_et_gb_content_width":"","footnotes":""},"project_category":[11],"project_tag":[],"class_list":["post-235","project","type-project","status-publish","has-post-thumbnail","hentry","project_category-victor-elicer"],"_links":{"self":[{"href":"https:\/\/ciudadanialegal.cl\/index.php?rest_route=\/wp\/v2\/project\/235","targetHints":{"allow":["GET"]}}],"collection":[{"href":"https:\/\/ciudadanialegal.cl\/index.php?rest_route=\/wp\/v2\/project"}],"about":[{"href":"https:\/\/ciudadanialegal.cl\/index.php?rest_route=\/wp\/v2\/types\/project"}],"author":[{"embeddable":true,"href":"https:\/\/ciudadanialegal.cl\/index.php?rest_route=\/wp\/v2\/users\/1"}],"version-history":[{"count":3,"href":"https:\/\/ciudadanialegal.cl\/index.php?rest_route=\/wp\/v2\/project\/235\/revisions"}],"predecessor-version":[{"id":430,"href":"https:\/\/ciudadanialegal.cl\/index.php?rest_route=\/wp\/v2\/project\/235\/revisions\/430"}],"wp:featuredmedia":[{"embeddable":true,"href":"https:\/\/ciudadanialegal.cl\/index.php?rest_route=\/wp\/v2\/media\/213"}],"wp:attachment":[{"href":"https:\/\/ciudadanialegal.cl\/index.php?rest_route=%2Fwp%2Fv2%2Fmedia&parent=235"}],"wp:term":[{"taxonomy":"project_category","embeddable":true,"href":"https:\/\/ciudadanialegal.cl\/index.php?rest_route=%2Fwp%2Fv2%2Fproject_category&post=235"},{"taxonomy":"project_tag","embeddable":true,"href":"https:\/\/ciudadanialegal.cl\/index.php?rest_route=%2Fwp%2Fv2%2Fproject_tag&post=235"}],"curies":[{"name":"wp","href":"https:\/\/api.w.org\/{rel}","templated":true}]}}

<p>Abogado Universidad Andrés Bello (2023), cursos de Proceso Laboral Aplicado y Litigación en Juicio Oral Laboral, ambos en la Academia Nacional de Litigación(2023).</p>
<p><a href="mailto:velicer@ciudadanialegal.cl"><img loading="lazy" decoding="async" class="wp-image-404  alignnone" src="https://ciudadanialegal.cl/wp-content/uploads/2023/10/849155-1-300x213.png" alt="" width="18" height="13" />  velicer@ciudadanialegal.cl</a></p>

<p>Abogado Universidad Andrés Bello (2023), cursos de Proceso Laboral Aplicado y Litigación en Juicio Oral Laboral, ambos en la Academia Nacional de Litigación(2023). velicer@ciudadanialegal.cl</p>
